re the prime factors of 21857?
11, 1987
What are the prime factors of 4289?
4289
List the prime factors of 636.
2, 3, 53
List the prime factors of 532.
2, 7, 19
What are the prime factors of 3133?
13, 241
List the prime factors of 386.
2, 193
List the prime factors of 1378.
2, 13, 53
List the prime factors of 7288.
2, 911
List the prime factors of 4803.
3, 1601
List the prime factors of 743.
743
List the prime factors of 33806.
2, 16903
List the prime factors of 14612.
2, 13, 281
List the prime factors of 2694.
2, 3, 449
List the prime factors of 2070.
2, 3, 5, 23
List the prime factors of 52431.
3, 17477
List the prime factors of 7995.
3, 5, 13, 41
What are the prime factors of 5789?
7, 827
List the prime factors of 1964.
2, 491
What are the prime factors of 1994?
2, 997
What are the prime factors of 30236?
2, 7559
What are the prime factors of 11181?
3, 3727
What are the prime factors of 272?
2, 17
What are the prime factors of 85?
5, 17
What are the prime factors of 51?
3, 17
What are the prime factors of 887?
887
List the prime factors of 38352.
2, 3, 17, 47
What are the prime factors of 392?
2, 7
List the prime factors of 639.
3, 71
List the prime factors of 17173.
13, 1321
List the prime factors of 313.
313
List the prime factors of 115512.
2, 3, 4813
What are the prime factors of 443?
443
What are the prime factors of 802?
2, 401
List the prime factors of 579.
3, 193
List the prime factors of 34162.
2, 19, 29, 31
What are the prime factors of 20336?
2, 31, 41
What are the prime factors of 123?
3, 41
List the prime factors of 11270.
2, 5, 7, 23
What are the prime factors of 108799?
108799
What are the prime factors of 37891?
7, 5413
What are the prime factors of 43815?
3, 5, 23, 127
What are the prime factors of 160?
2, 5
What are the prime factors of 21739?
21739
What are the prime factors of 135559?
135559
List the prime factors of 122750.
2, 5, 491
List the prime factors of 21108.
2, 3, 1759
List the prime factors of 37151.
97, 383
List the prime factors of 5224.
2, 653
List the prime factors of 6547.
6547
What are the prime factors of 92687?
7, 13241
What are the prime factors of 3637?
3637
What are the prime factors of 14139?
3, 1571
What are the prime factors of 71817?
3, 37, 647
List the prime factors of 16472.
2, 29, 71
List the prime factors of 3166.
2, 1583
What are the prime factors of 441?
3, 7
List the prime factors of 5018.
2, 13, 193
List the prime factors of 1935.
3, 5, 43
What are the prime factors of 21011?
21011
What are the prime factors of 29737?
131, 227
What are the prime factors of 433?
433
List the prime factors of 3905.
5, 11, 71
What are the prime factors of 62202?
2, 3, 7, 1481
What are the prime factors of 40310?
2, 5, 29, 139
What are the prime factors of 57972?
2, 3, 4831
What are the prime factors of 3457?
3457
What are the prime factors of 2531?
2531
What are the prime factors of 7225?
5, 17
List the prime factors of 73573.
29, 43, 59
What are the prime factors of 14?
2, 7
List the prime factors of 1315.
5, 263
What are the prime factors of 1273?
19, 67
What are the prime factors of 3111?
3, 17, 61
List the prime factors of 24430.
2, 5, 7, 349
List the prime factors of 747.
3, 83
List the prime factors of 52813.
52813
List the prime factors of 1934.
2, 967
What are the prime factors of 32518?
2, 71, 229
List the prime factors of 1070.
2, 5, 107
What are the prime factors of 127695?
3, 5, 8513
What are the prime factors of 226?
2, 113
What are the prime factors of 4262?
2, 2131
What are the prime factors of 21741?
3, 7247
List the prime factors of 89754.
2, 3, 7, 2137
List the prime factors of 42537.
3, 11, 1289
What are the prime factors of 645?
3, 5, 43
List the prime factors of 6371.
23, 277
List the prime factors of 165.
3, 5, 11
What are the prime factors of 1418?
2, 709
What are the prime factors of 1809?
3, 67
What are the prime factors of 27201?
3, 9067
List the prime factors of 3095.
5, 619
What are the prime factors of 186?
2, 3, 31
List the prime factors of 4726.
2, 17, 139
List the prime factors of 18905.
5, 19, 199
List the prime factors of 1405.
5, 281
List the prime factors of 66775.
5, 2671
List the prime factors of 14874.
2, 3, 37, 67
List the prime factors of 314.
2, 157
What are the prime factors of 1444?
2, 19
What are the prime factors of 887?
887
List the prime factors of 19093.
61, 313
What are the prime factors of 382?
2, 191
What are the prime factors of 131916?
2, 3, 10993
What are the prime factors of 25167?
3, 8389
What are the prime factors of 8072?
2, 1009
What are the prime factors of 460?
2, 5, 23
List the prime factors of 4880.
2, 5, 61
What are the prime factors of 1672?
2, 11, 19
What are the prime factors of 710?
2, 5, 71
What are the prime factors of 1991?
11, 181
What are the prime factors of 1480?
2, 5, 37
List the prime factors of 4591.
4591
What are the prime factors of 1785?
3, 5, 7, 17
What are the prime factors of 17798?
2, 11, 809
What are the prime factors of 22001?
7, 449
List the prime factors of 75.
3, 5
List the prime factors of 2063.
2063
What are the prime factors of 3468?
2, 3, 17
What are the prime factors of 5566?
2, 11, 23
What are the prime factors of 60034?
2, 13, 2309
List the prime factors of 147.
3, 7
What are the prime factors of 24046?
2, 11, 1093
List the prime factors of 15938.
2, 13, 613
List the prime factors of 21535.
5, 59, 73
List the prime factors of 17163.
3, 1907
What are the prime factors of 21937?
21937
List the prime factors of 1345.
5, 269
List the prime factors of 238.
2, 7, 17
What are the prime factors of 26078?
2, 13, 17, 59
List the prime factors of 13380.
2, 3, 5, 223
What are the prime factors of 51468?
2, 3, 4289
List the prime factors of 81417.
3, 7, 3877
What are the prime factors of 8143?
17, 479
What are the prime factors of 86625?
3, 5, 7, 11
List the prime factors of 11621.
11621
List the prime factors of 17527.
17, 1031
What are the prime factors of 62767?
23, 2729
What are the prime factors of 47125?
5, 13, 29
What are the prime factors of 7043?
7043
List the prime factors of 82702.
2, 41351
What are the prime factors of 18729?
3, 2081
List the prime factors of 2701.
37, 73
List the prime factors of 1133.
11, 103
List the prime factors of 2064.
2, 3, 43
List the prime factors of 6318.
2, 3, 13
List the prime factors of 1225.
5, 7
List the prime factors of 3449.
3449
List the prime factors of 4908.
2, 3, 409
What are the prime factors of 871?
13, 67
What are the prime factors of 13829?
13829
What are the prime factors of 41332?
2, 10333
What are the prime factors of 1254?
2, 3, 11, 19
What are the prime factors of 205?
5, 41
List the prime factors of 32571.
3, 7, 11, 47
List the prime factors of 46164.
2, 3, 3847
List the prime factors of 22135.
5, 19, 233
List the prime factors of 8947.
23, 389
List the prime factors of 5325.
3, 5, 71
What are the prime factors of 595?
5, 7, 17
What are the prime factors of 64595?
5, 12919
What are the prime factors of 11350?
2, 5, 227
What are the prime factors of 80152?
2, 43, 233
List the prime factors of 49266.
2, 3, 7, 17, 23
What are the prime factors of 4672?
2, 73
List the prime factors of 36102.
2, 3, 11, 547
What are the prime factors of 142703?
11, 12973
What are the prime factors of 23526?
2, 3, 1307
List the prime factors of 2551.
2551
What are the prime factors of 15172?
2, 3793
List the prime factors of 13986.
2, 3, 7, 37
List the prime factors of 423.
3, 47
List the prime factors of 10742.
2, 41, 131
List the prime factors of 54912.
2, 3, 11, 13
What are the prime factors of 1744?
2, 109
List the prime factors of 8519.
7, 1217
List the prime factors of 1578.
2, 3, 263
List the prime factors of 3028.
2, 757
What are the prime factors of 2150?
2, 5, 43
What are the prime factors of 801?
3, 89
What are the prime factors of 293?
293
What are the prime factors of 1982?
2, 991
What are the prime factors of 494?
2, 13, 19
List the prime factors of 19701.
3, 11, 199
List the prime factors of 2512.
2, 157
What are the prime factors of 6812?
2, 13, 131
List the prime factors of 256.
2
List the prime factors of 103.
103
What are the prime factors of 5009?
5009
What are the prime factors of 2108?
2, 17, 31
List the prime factors of 1315.
5, 263
List the prime factors of 88